 27.
15
Calculate the remainder when 414 is divided by 130.
24
Calculate the remainder when 98 is divided by 44.
10
What is the remainder when 480 is divided by 44?
40
What is the remainder when 1559 is divided by 130?
129
What is the remainder when 1463 is divided by 182?
7
Calculate the remainder when 157 is divided by 16.
13
What is the remainder when 1246 is divided by 380?
106
Calculate the remainder when 39 is divided by 2.
1
What is the remainder when 214 is divided by 112?
102
What is the remainder when 146 is divided by 40?
26
What is the remainder when 2533 is divided by 831?
40
Calculate the remainder when 62 is divided by 13.
10
Calculate the remainder when 7289 is divided by 76.
69
What is the remainder when 823 is divided by 83?
76
What is the remainder when 465 is divided by 18?
15
Calculate the remainder when 667 is divided by 131.
12
What is the remainder when 95 is divided by 26?
17
What is the remainder when 142 is divided by 4?
2
What is the remainder when 2529 is divided by 22?
21
Calculate the remainder when 94 is divided by 15.
4
What is the remainder when 155 is divided by 121?
34
What is the remainder when 59 is divided by 15?
14
What is the remainder when 136 is divided by 47?
42
What is the remainder when 90 is divided by 33?
24
Calculate the remainder when 96 is divided by 28.
12
What is the remainder when 38 is divided by 20?
18
Calculate the remainder when 591 is divided by 127.
83
Calculate the remainder when 205 is divided by 69.
67
Calculate the remainder when 605 is divided by 201.
2
Calculate the remainder when 20054 is divided by 35.
34
Calculate the remainder when 113 is divided by 51.
11
Calculate the remainder when 764 is divided by 92.
28
Calculate the remainder when 524 is divided by 89.
79
What is the remainder when 631 is divided by 4?
3
What is the remainder when 84 is divided by 18?
12
Calculate the remainder when 12083 is divided by 57.
56
Calculate the remainder when 204 is divided by 31.
18
Calculate the remainder when 86 is divided by 24.
14
Calculate the remainder when 69 is divided by 12.
9
What is the remainder when 86 is divided by 23?
17
What is the remainder when 1929 is divided by 328?
289
Calculate the remainder when 127 is divided by 3.
1
Calculate the remainder when 60 is divided by 16.
12
What is the remainder when 73 is divided by 13?
8
What is the remainder when 72 is divided by 11?
6
Calculate the remainder when 331 is divided by 119.
93
Calculate the remainder when 8157 is divided by 17.
14
Calculate the remainder when 201 is divided by 41.
37
What is the remainder when 388 is divided by 128?
4
What is the remainder when 676 is divided by 113?
111
What is the remainder when 93 is divided by 49?
44
What is the remainder when 1096 is divided by 55?
51
Calculate the remainder when 3847 is divided by 26.
25
What is the remainder when 31480 is divided by 106?
104
Calculate the remainder when 619 is divided by 14.
3
What is the remainder when 492 is divided by 134?
90
What is the remainder when 165 is divided by 8?
5
Calculate the remainder when 5654 is divided by 87.
86
What is the remainder when 5326 is divided by 65?
61
Calculate the remainder when 536 is divided by 84.
32
What is the remainder when 59 is divided by 28?
3
What is the remainder when 2037 is divided by 1016?
5
Calculate the remainder when 5172 is divided by 206.
22
What is the remainder when 152 is divided by 14?
12
What is the remainder when 2596 is divided by 261?
247
What is the remainder when 422 is divided by 9?
8
What is the remainder when 1252 is divided by 57?
55
What is the remainder when 12831 is divided by 25?
6
What is the remainder when 8653 is divided by 3?
1
Calculate the remainder when 292 is divided by 159.
133
Calculate the remainder when 188 is divided by 16.
12
Calculate the remainder when 373 is divided by 8.
5
Calculate the remainder when 281 is divided by 250.
31
What is the remainder when 330 is divided by 67?
62
What is the remainder when 46 is divided by 32?
14
Calculate the remainder when 866 is divided by 236.
158
Calculate the remainder when 132 is divided by 69.
63
Calculate the remainder when 178 is divided by 13.
9
What is the remainder when 112 is divided by 29?
25
What is the remainder when 553 is divided by 143?
124
What is the remainder when 399 is divided by 232?
167
What is the remainder when 11465 is divided by 122?
119
Calculate the remainder when 325 is divided by 111.
103
What is the remainder when 364 is divided by 75?
64
What is the remainder when 76 is divided by 30?
16
Calculate the remainder when 967 is divided by 32.
7
What is the remainder when 96 is divided by 55?
41
What is the remainder when 120 is divided by 18?
12
Calculate the remainder when 25947 is divided by 50.
47
What is the remainder when 474 is divided by 36?
6
Calculate the remainder when 615 is divided by 57.
45
What is the remainder when 95 is divided by 48?
47
What is the remainder when 571 is divided by 273?
25
Calculate the remainder when 1329 is divided by 12.
9
What is the remainder when 1820 is divided by 49?
7
What is the remainder when 1098 is divided by 50?
48
Calculate the remainder when 141 is divided by 79.
62
Calculate the remainder when 6863 is divided by 22.
21
What is the remainder when 26 is divided by 15?
11
Calculate the remainder when 155 is divided by 8.
3
What is the remainder when 96 is divided by 23?
4
Calculate the remainder when 777 is divided by 93.
33
What is the remainder when 1116 is divided by 26?
24
Calculate the remainder when 1734 is divided by 47.
42
What is the remainder when 415 is divided by 21?
16
Calculate the remainder when 26092 is divided by 14.
10
What is the remainder when 230 is divided by 16?
6
What is the remainder when 206 is divided by 52?
50
What is the remainder when 345 is divided by 4?
1
Calculate the remainder when 437 is divided by 89.
81
What is the remainder when 715 is divided by 179?
178
Calculate the remainder when 349 is divided by 303.
46
Calculate the remainder when 162 is divided by 140.
22
Calculate the remainder when 205 is divided by 19.
15
Calculate the remainder when 34 is divided by 8.
2
What is the remainder when 482 is divided by 147?
41
What is the remainder when 22 is divided by 8?
6
What is the remainder when 1375 is divided by 682?
11
What is the remainder when 3378 is divided by 20?
18
Calculate the remainder when 111 is divided by 104.
7
Calculate the remainder when 134 is divided by 35.
29
What is the remainder when 1231 is divided by 74?
47
Calculate the remainder when 722 is divided by 228.
38
What is the remainder when 200 is divided by 7?
4
What is the remainder when 181 is divided by 18?
1
Calculate the remainder when 248 is divided by 10.
8
What is the remainder when 39 is divided by 26?
13
What is the remainder when 12704 is divided by 34?
22
Calculate the remainder when 2022 is divided by 94.
48
Calculate the remainder when 1086 is divided by 26.
20
What is the remainder when 526 is divided by 468?
58
Calculate the remainder when 44 is divided by 27.
17
What is the remainder when 1669 is divided by 152?
149
Calculate the remainder when 1850 is divided by 17.
14
What is the remainder when 1354 is divided by 1322?
32
Calculate the remainder when 467 is divided by 220.
27
What is the remainder when 227 is divided by 113?
1
What is the remainder when 1197 is divided by 100?
97
What is the remainder when 267 is divided by 34?
29
What is the remainder when 106 is divided by 42?
22
Calculate the remainder when 107 is divided by 50.
7
Calculate the remainder when 100 is divided by 45.
10
What is the remainder when 249 is divided by 123?
3
Calculate the remainder when 2660 is divided by 13.
8
What is the remainder when 261 is divided by 90?
81
What is the remainder when 2267 is divided by 4?
3
Calculate the remainder when 315 is divided by 152.
11
What is the remainder when 45 is divided by 14?
3
What is the remainder when 6406 is divided by 149?
148
What is the remainder when 1212 is divided by 594?
24
What is the remainder when 84 is divided by 17?
16
Calculate the remainder when 414 is divided by 139.
136
What is the remainder when 112 is divided by 11?
2
Calculate the remainder when 662 is divided by 13.
12
Calculate t